omposite?
False
Let m(b) = -2*b**3 + 20*b**2 - 8*b + 7. Is m(8) a prime number?
True
Suppose 4*g - 3 = -3*d - 2*d, 3*g = -2*d - 3. Suppose -4*y + 256 = -4*v, -y + v + 58 = d*v. Is y a prime number?
False
Let g(o) = -o - 12. Let y be g(-15). Suppose 0 = 4*l - y*l - 7. Is l a prime number?
True
Suppose 38 = 4*x + 158. Is ((-3)/2)/(x/2540) prime?
True
Suppose -4*l - 1 + 9 = 3*r, 0 = -r - 3*l + 11. Let p be 2/8 + (-311)/r. Suppose h = 4*h - p. Is h composite?
True
Let b(j) be the second derivative of -j**5/20 - j**4/4 - j**3/6 - 3*j**2/2 - 4*j. Let r be b(-5). Suppose 2*p - 5*l = 153, -p - l + r + 42 = 0. Is p composite?
False
Suppose -6*c = -5*c - 415. Suppose 4*t + 5*i = 3*i + 350, 5*t = 2*i + c. Is t composite?
True
Suppose 2*k + 3*o + 2 = -7, 5*k + 14 = o. Is (-4 - k)/(2/(-68)) a prime number?
False
Let q be ((-12)/18)/(2/(-33)). Suppose 0*z + q = z. Is z composite?
False
Let y = 18 - 15. Suppose -5*l + 590 = 5*u - y*l, -4*u = 4*l - 472. Is u a composite number?
True
Suppose 3*t = -2*t + 635. Is t a composite number?
False
Suppose 3*k - 3*h = -h + 309, 2*k - 206 = 4*h. Is k a composite number?
False
Let w be 7 - -659 - (-1 - -2). Suppose -3*o - o = 3*m - 532, 3*m - w = -5*o. Is o composite?
True
Is (-8)/12*573/(-2) prime?
True
Let a(o) = o**3 - 4*o**2 + o + 7. Let n = -8 + 18. Suppose 0*f = 2*f - n. Is a(f) a prime number?
True
Let v(c) = 4*c**2 - 3*c. Let q be v(2). Let i(f) = f**3 - 9*f**2 - 10*f + 7. Is i(q) prime?
True
Let g(k) = 3*k**2 - k + 19. Is g(5) a prime number?
True
Suppose -a = -w - 13, 4*w - 5*w = 5*a - 41. Suppose -y + 2 = -a. Suppose -c = -y - 12. Is c a composite number?
False
Suppose -j + 5*g = -38, 3*g + 36 = j - 0*g. Is j a composite number?
True
Let q(m) = 108*m**2 - 7*m - 2. Let g(c) = -c**2 + c. Let k(w) = -g(w) + q(w). Is k(-3) composite?
True
Let g(i) = 6*i - 4. Let y be ((-4)/2 + 2)/(-1). Suppose -p + y = -7. Is g(p) a composite number?
True
Is (-4 - 6)*-19 + 1 composite?
False
Let r(q) = 10*q**2 + 4*q - 5. Is r(3) a prime number?
True
Let g = 5 + -2. Suppose -2*z - 3*l = -0*l - 97, -g*z - l = -156. Is z a prime number?
True
Let g = 8611 + -5714. Is g prime?
True
Let v(g) = g**2 + 5*g + 9. Let k be v(6). Suppose 2*q - 257 = -k. Is q a composite number?
True
Let q(d) = d**2 - 10. Is q(-5) a composite number?
True
Suppose u + 6 = 2*u. Let c = u + -7. Is (c*1)/(5/(-115)) prime?
True
Suppose -u - 848 = 3*u. Let c = 339 + u. Is c prime?
True
Let o = -411 + 2264. Is o prime?
False
Let d(l) = 2*l - 2. Let t be d(6). Is (-555)/t*4/(-6) a prime number?
True
Let k(r) = -91*r - 58. Is k(-19) a prime number?
False
Let l = 1 + 3. Suppose -2*b - 806 + 2066 = 5*a, -1008 = -l*a - b. Suppose -a + 51 = -3*c. Is c a prime number?
True
Suppose 30*n - 34*n = -820. Is n a composite number?
True
Let y(n) be the third derivative of n**7/1260 - n**6/720 + n**5/40 + n**4/24 - 2*n**2. Let r(q) be the second derivative of y(q). Is r(6) a prime number?
False
Let x = -153 + 279. Let c = -61 + x. Is c a composite number?
True
Let g = 5468 + -2707. Is g prime?
False
Let f be -1 - 8*(-3 - -1). Is -1 + 1 + -2 + f a prime number?
True
Let i = -95 + 56. Is -2 + 0/(-1) - i a prime number?
True
Is (326 - -1) + 16/(-4) a prime number?
False
Let d = -2949 + 4844. Is d composite?
True
Let i = -2 + 1. Is 3205/10 - i/2 a prime number?
False
Let l(s) = -s**2 - 9*s + 11. Suppose 3*u + 47 = 4*p, -1 = 3*u + 5*p + 1. Let q be l(u). Suppose q = -4*k + 319. Is k a composite number?
True
Let w(j) = -90*j**3 + 2*j**2 - 1. Is w(-1) composite?
True
Suppose 2*h - 3*n - 593 = h, -2354 = -4*h + 3*n. Is h a prime number?
True
Suppose 0 = -8*y + 3590 + 2306. Is y a composite number?
True
Suppose -i - 15 = -4*i - 2*v, -2*i = 3*v - 15. Let f(m) = -16*m + 1. Let y be f(i). Let c = y + 78. Is c prime?
True
Suppose 8*d - 4*d - 552 = 0. Let r be 16/6*d/8. Suppose 0*c - r = -c. Is c prime?
False
Suppose -5*y - 2*i + 12 + 2 = 0, 3*y = 3*i. Suppose -3*h + 95 = y*h. Is h a composite number?
False
Is 1552/3 + (-12)/36 prime?
False
Suppose -4*b + 20 = 0, -4*z - 1764 = -6*z - 2*b. Is z a prime number?
True
Let l(s) = -s - 1. Let k(z) = -8*z - 8. Let j(m) = 2*k(m) - 14*l(m). Is j(-2) a composite number?
False
Let v(z) be the third derivative of -5*z**4/6 + z**3/6 - 2*z**2. Let x be v(1). Let u = x - -102. Is u prime?
True
Let w be 12/10 - (-2)/(-10). Let x be (-4)/((-2 - -1)/w). Suppose 5*c + n - 178 = x*n, -65 = -2*c - 5*n. Is c composite?
True
Let v(w) = 2*w**2 + 9*w + 2. Let g = -31 + 20. Is v(g) prime?
False
Let f = -7 + 13. Suppose -f*i - 288 = -3*i. Let l = i + 223. Is l prime?
True
Let o = -13 - -11. Let v = o - -6. Suppose -b = 4*p - 187, 5*p - v*b - 95 = 123. Is p a prime number?
False
Let z = -452 + 1567. Is z a composite number?
True
Let c = 96 - 41. Is c a prime number?
False
Let b be ((-3)/(-2))/((-1)/30). Let u = -3 - b. Suppose -4*c = -3*d - 0*c + 202, -5*c = d - u. Is d a composite number?
True
Suppose -7*u + 3794 + 3227 = 0. Is u composite?
True
Let h(u) = 8*u + 7. Let z be h(6). Let w = -17 + z. Is w a prime number?
False
Let a = -4443 - -6776. Is a a composite number?
False
Let u be 2/(-2) - -2 - -1. Suppose 5 - 1 = 4*s. Is (-65)/(-10)*u/s a prime number?
True
Suppose 6*l - l - 1865 = 0. Is l composite?
False
Let u(n) = -n**2 - 4*n + 4. Let k be u(-4). Suppose 13 = -k*c - q, 2*c + 3 = 5*q + 2. Let t(g) = 7*g**2 + 2*g + 2. Is t(c) prime?
True
Let k(v) = v**2 + 5*v - 2. Let g = 9 + -15. Let i be k(g). Suppose -3*n - 149 = -j, -j - 3*n + i*n = -149. Is j composite?
False
Let n be 6/(-5)*165/(-3). Let y = 11 + -14. Is (n/(-10))/(y/15) a composite number?
True
Suppose -5*m + 2*m - 2 = j, 5*m - 8 = 4*j. Suppose 0 = -4*q - 4*h + 184, m*h + 78 = 2*q - 5*h. Suppose 3*y + 2*z = q, -2*y - 3*z + 31 = -0*y. Is y prime?
False
Suppose 5*n + 0*h + 2*h - 4261 = 0, 0 = 2*n + 3*h - 1711. Is n composite?
True
Let y = 6 + -7. Let w(r) = -30*r + 1. Is w(y) a prime number?
True
Let z be 2/4*0 + 2. Suppose 0 = 2*t + 2*n + z, -2*t - 21 = -n - 4. Is (2/t)/((-3)/441) prime?
False
Let m = 18 + -18. Let w(s) = -s**2 - 1. Let o(b) = -7*b**2 - b + 13. Let h(t) = o(t) - 6*w(t). Is h(m) a prime number?
True
Suppose -3*t = -0*t - 573. Is t a composite number?
False
Let h = 21 + -14. Is h composite?
False
Let v be (-2)/((-3)/4 + 1). Let r = v - -42. Is r composite?
True
Let u be (1/2)/((-1)/(-260)). Suppose 10*q = 5*q + u. Is q prime?
False
Let y(t) = 16*t**3 - 2*t**2 - 6*t + 5. Is y(3) prime?
True
Is 3/4 + (-5704)/(-32) a prime number?
True
Let m = -7 - -8. Let v(a) = -6*a + 7. Let y(n) = -6*n + 6. Let d(f) = 6*v(f) - 7*y(f). Is d(m) composite?
True
Let k be (0 + -1)/(2/4). Let r be (-3)/6 - k/4. Suppose -w = -r*w - 67. Is w prime?
True
Let r be 60*(2 + (-7)/2). Let l = r - -137. Suppose o - l = 32. Is o composite?
False
Let b(v) = -v**2 + v + 76. Let q be b(0). Let o = q + -32. Suppose -3*w - w + k + o = 0, -2*k = -3*w + 38. Is w a prime number?
False
Let w(s) = 2*s + 1. Let k be w(-2). Let f be ((-56)/3)/(1/k). Suppose l = 2*c + f, 6*l - 4*l = c + 115. Is l a prime number?
False
Suppose -3*d - 2*d = -20. Suppose -2*q + d*q = 82. Let i = q + 52. Is i a prime number?
False
Suppose 7*i - 3*i = 0. Suppose i = 3*n - 2*h - 995, n + 0*h - 335 = 4*h. Is n a composite number?
False
Let q = 7 - 3. Suppose 0 = -p - q*a + 89, p + 4*a = -3*p + 344. Is p a prime number?
False
Let s(u) = u**2 + 5*u + 3. Let g be s(-5). Suppose -267 = -6*w + g*w. Is w a composite number?
False
Suppose 1044 = 2*h + 2*v, 6*v + 1580 = 3*h + 2*v. Let p = h + -275. Is p composite?
True
Let v(t) = -4*t - 5*t**3 + t + 1 - 2*t**2 + 0*t**2. Is v(-3) a composite number?
False
Suppose -2*y = -t - y - 1, -2*y = -3*t + 2. Suppose u - 311 = -w, -5*u - 1064 = -t*w + 144. Is w a composite number?
False
Let p = -13 + 9. Let l = p - -2. Is 7 - (l + 0/1) composite?
True
Let t(u) = u - 3. Let l be t(8). Let s(z) = 4*z - 6. Is s(l) prime?
False
Let p(w) = -2*w**3 - 5*w**2 - 2*w + 3. Let s be p(-3). Suppose 3*b - s + 0 = -4*k, 3*b + 3*k = 15. Suppose 15 = -b*x + 57. Is x prime?
False
Suppose 3*m + 4*v = -15, -2*v + 1 = m + 8. Let h be (-2 - -2) + 0/m. Suppose 4*x = 2*n - h - 14, -3*n = -5*x - 19. Is n a composite number?
False
Let j = 15 + -11. Suppose 0 = 2*q, 0*q = -3*o + 2*q + 519. Suppose j*r + o = 5*a, -a = a - r - 71. Is a prime?
True
Let n = 2